3*q, -x*q + 3*n = n - 8. Suppose 15 = 2*v - q. List the prime factors of v.
3
Let a = -74 - -267. Suppose -3*n + 50 = -b + 157, -2*b - n + a = 0. List the prime factors of b.
2, 7
Let p(m) = m**3 - 8*m**2 - 8*m - 7. Let r be p(9). Suppose 0 = s - 0*t + r*t - 45, -4*s + t + 180 = 0. List the prime factors of (28/(-3))/((-6)/s).
2, 5, 7
Suppose -4*j + o = 1 - 13, 3*o + 20 = 4*j. Let u be (j - 0)*(0 - 3). Let r(s) = -2*s - 9. What are the prime factors of r(u)?
3
Let t(a) = -a**3 - 3*a**2 - 27. What are the prime factors of t(-9)?
3, 17
Let w be 9/3 - 4 - (-1 - 14). Let y = 4 + w. What are the prime factors of y?
2, 3
Let s = -8 - -28. Let j = 22 - s. Suppose j*d - 1 - 159 = 0. List the prime factors of d.
2, 5
Let f be ((-68)/6)/(56/(-18) + 3). Let v = 159 - f. List the prime factors of v.
3, 19
What are the prime factors of 91735/25 + 18/(-45)?
3, 1223
Suppose d - 5*q + 2*q = 115, 2*q = 8. Let z = -55 + d. What are the prime factors of z?
2, 3
Let t be (-3 + -6)/((-2)/(-38)). Let o = -79 - t. What are the prime factors of o?
2, 23
Suppose 0 = -4*l, -4*l + 219 - 2851 = -2*g. What are the prime factors of g?
2, 7, 47
Suppose -43 + 8 = -7*a. Let v(i) = 6*i - 6. What are the prime factors of v(a)?
2, 3
Suppose 0 = 18*n + 1177 - 6613. What are the prime factors of n?
2, 151
Let g = 73 + 397. What are the prime factors of g?
2, 5, 47
Let j(c) be the first derivative of c**3/3 + 3*c**2 + 4*c + 5. Let u be j(-6). Suppose -u*m - 12 = -40. List the prime factors of m.
7
Let n be (-144)/(-20)*800/15. Suppose -y = 5*y - n. What are the prime factors of y?
2
Let s(l) = -2*l**3 - 2*l**2 + l - 1. Let r(c) = -c**2 - 5*c - 2. Let u be r(-4). Let i = -1 - u. List the prime factors of s(i).
2
Suppose -92*m - 600 = -97*m. List the prime factors of m.
2, 3, 5
Let m = -57 - -64. List the prime factors of 2/m + 1632/168.
2, 5
Suppose -2*i - 3*i = p + 19, -i = 3*p + 15. Let r = i + 10. What are the prime factors of 177/7 - 2/r?
5
Let g = -5213 - -9902. List the prime factors of g.
3, 521
Suppose 1 + 12 = i. Let q be (0 + 0)*(-3 - -2). Suppose i = n - q*n. What are the prime factors of n?
13
Let o = 11 - 28. Suppose 74 = -4*g + g + 5*q, 0 = -4*g - 3*q - 89. Let u = o - g. What are the prime factors of u?
2, 3
Suppose 2*t + 47*c - 43*c - 2844 = 0, c - 5681 = -4*t. What are the prime factors of t?
2, 5, 71
Suppose -21*l - 20192 = -53*l. List the prime factors of l.
631
Let k(m) = 2*m + 6. Let g be k(-2). Suppose g = -2*c, -4*c + 205 = 3*t + c. List the prime factors of t.
2, 5, 7
Let w(x) = x**3 - 3*x**2 - 6*x - 2. Let i(l) = -4*l**3 + 8*l**2 + 17*l + 6. Let p(k) = 6*i(k) + 17*w(k). What are the prime factors of p(-2)?
2, 23
Suppose -9 = -4*h - m - 0*m, 5*h - 9 = m. Suppose -490 = n - 6*n. Suppose h*t + r = 106, 2*t - r - 2*r = n. What are the prime factors of t?
2, 13
Let z be 3/(-6)*2*7. What are the prime factors of (859/z)/(-1) - 4/(-14)?
3, 41
Let l = 931 + -380. Suppose 448 = 4*r - 4*w, -l + 103 = -4*r - 4*w. List the prime factors of r.
2, 7
Let o(b) = -b**3 + 2*b + 4. Let x be o(-2). Let j = 46 - x. List the prime factors of j.
2, 19
Suppose -4*m - 4 - 4 = 0. Let a be (8/10)/(m/15). Let v = 19 - a. What are the prime factors of v?
5
List the prime factors of (-4)/((-37)/144 - 10/(-40)).
2, 3
Suppose h + 15 = 5*w, 6*h + 2*w = h + 6. Suppose h = 3*b - 91 - 140. Let d = -54 + b. What are the prime factors of d?
23
Let n be ((-28)/(-2))/(4/(-186)). List the prime factors of 1/(-6) + n/(-18).
2, 3
Suppose 4*r + 948 = r. Let a be r/(-8) - (-1)/(-2). Let v = 100 - a. List the prime factors of v.
61
Suppose -69*m + 8655 = -4800. What are the prime factors of m?
3, 5, 13
Suppose -5*t = -d + 8, -d - 2*t = 5 + 1. Let m = d + 11. List the prime factors of m.
3
Suppose -4*k - 4*l + 256 = 0, -2*k = -4*l + l - 118. What are the prime factors of k?
2, 31
Suppose 1738 = 8*a - 19*a. Let c = -139 - a. List the prime factors of c.
19
Suppose 0 = -2*s + d - 86 + 328, 4*s = d + 484. What are the prime factors of s?
11
Suppose -m + 5*f + 28 = 0, m = -4*m + f + 20. Suppose 19 = j - m*l, -3*l = 3*j - 2*l - 87. List the prime factors of j.
2, 7
Suppose -148 = -4*h - 48. Suppose 5*i + 0*i - 212 = -3*w, 2*i = -2*w + 84. Let v = i - h. List the prime factors of v.
2, 3
Let h(x) = x**3 + 7*x**2 + 18*x + 23. What are the prime factors of h(9)?
1481
List the prime factors of 4/8 + (-6 - (-575)/2).
2, 3, 47
Suppose 8 = 2*h - 4. Suppose -h*g + g - 2*r - 32 = 0, 3*g + 13 = 5*r. What are the prime factors of (15/9)/((-1)/g)?
2, 5
Let o(n) = n**2 - 7*n + 17. Let i(l) = -l**2 + 9*l - 8. Let p be i(3). What are the prime factors of o(p)?
47
Let d = -178 + 390. List the prime factors of d.
2, 53
Suppose s = 14 + 30. Let q be ((-11)/(-2))/(6/36) + -3. Let y = s - q. List the prime factors of y.
2, 7
Let d = -540 - 81. Let v = 955 + d. List the prime factors of v.
2, 167
Let u(x) = 7*x + 11 + 5*x + 12 - x**2 + 7*x. What are the prime factors of u(16)?
71
Suppose 26*d = 23*d + 834. What are the prime factors of 4/4*d - 6/6?
277
Suppose -4*q + 147 = -53*q. Suppose -4*n - 28 = 5*p, -5*p + 3*n = n + 16. What are the prime factors of (q/(-3))/(p/(-124))?
31
Let y = -10 + 13. Suppose -q + n = -15, q - 18 - y = -n. Suppose -4*f - c = -72, -2*f + 3*f - 5*c = q. List the prime factors of f.
2, 3
What are the prime factors of 15012/24 + (-5)/(-2)?
2, 157
Let p(y) = 2*y**2 + 5*y - 8. Suppose -7*t = -2*t + 25. Let l be p(t). Suppose -5*b + l + 3 = 0. List the prime factors of b.
2
Let x(i) = 4*i**2 + 5*i + 3. Let z be x(-1). Suppose 2*h - 4*g = -12, 0 = 4*h + g - 4*g + 9. Suppose 0 = z*q - h*q - 20. List the prime factors of q.
2, 5
Let i = 12 + -24. Let g be 1/(-2) - (-18)/i. What are the prime factors of -1*(1 - 28 - g)?
5
Let i(v) = -4*v**3 + 5*v**2 - 6*v + 2. Let z(u) = u**3. Let n be 2*4/8*-3. Let r(o) = n*z(o) - i(o). List the prime factors of r(4).
2, 3
Let g(s) = s**2 - 2*s - 3. Suppose 0 = 5*j - 3 + 8, -j + 5 = 3*f. Suppose c - 9 = -2*i, f*c - c - 3*i - 4 = 0. What are the prime factors of g(c)?
2
What are the prime factors of 2 - -3432 - (11 + -4)?
23, 149
Suppose -830*m + 810*m = -62860. List the prime factors of m.
7, 449
List the prime factors of 877 - (1 - ((-6)/(-3) - 4)).
2, 19, 23
Let m = -1760 - -2585. List the prime factors of m.
3, 5, 11
Suppose -3*j - 42 = 2*n, 0 = 21*j - 19*j - 4. Let s(l) = -10*l + 3. Let o be s(-3). Let y = n + o. What are the prime factors of y?
3
Let x = 97 - 163. Let w = x + 293. List the prime factors of w.
227
Suppose -5244 = -258*k + 255*k. What are the prime factors of k?
2, 19, 23
Let r be (-7400)/(-75)*(-21)/(-4). Suppose m - 4*z = -0*m + 134, 2*z - r = -4*m. What are the prime factors of m?
2, 5, 13
Let c(i) = -2*i - 23. Let q be c(-12). What are the prime factors of q/((-25)/(-8) - 3)?
2
Suppose v + 3*i = -3*v + 285, v - 77 = 5*i. Suppose -8 = -d + v. List the prime factors of 6/(-9) + d/3.
2, 13
Suppose r - 5*r + 3*h = -3543, 2*r = 3*h + 1773. List the prime factors of r.
3, 5, 59
Let z be (-6)/(-3 - 93/(-33)). Let n be -13 - 1 - (4 - 4). Let i = z + n. What are the prime factors of i?
19
Suppose 8*t = -2026 + 6762. List the prime factors of t.
2, 37
Let q be ((-4 + 3)*-241)/(1 - 0). Suppose -4*j - 3*n = -265 - q, 4*j - 4*n - 520 = 0. List the prime factors of j.
2
Suppose 3*i - 6 - 3 = 0, -5*s = 4*i - 3602. List the prime factors of s.
2, 359
Suppose -4*b + 376 + 3701 = 5*d, 0 = -3*b - 2*d + 3049. List the prime factors of b.
1013
Let v = 39 + 71. Suppose 5 = -5*y + v. List the prime factors of y.
3, 7
Let r(y) = 38*y - 2. Suppose 2*x - u - u = 4, -4*x - 5*u = -26. List the prime factors of r(x).
2, 3, 5
Let n(j) = 3 - 7 + 6*j - 3 - j**2. Let q be -8*((-4)/(-10))/(64/(-60)). What are the prime factors of n(q)?
2
Suppose -h + 4*h = 279. Let u = -42 + h. What are the prime factors of u?
3, 17
Let z(l) = 118*l + 48. What are the prime factors of z(12)?
2, 3, 61
Let u(b) = -2*b - 3. Let s(f) = f + 2. Let x(g) = 10*s(g) + 6*u(g). Let c be x(-5). Suppose c + 140 = 4*m. What are the prime factors of m?
2, 19
Let c = -3752 + 5487. List the prime factors of c.
5, 347
Let i = 195 - 33. Suppose -2*z = -6*b + 2*b - i, 0 = z + 4*b - 99. Suppose 0 = -2*f - 3*t + 41, 5*f - 2*f = 4*t + z. What are the prime factors of f?
5
Let d be 2 + (-6 - -3)/3 + 22. Suppose -d - 214 = -